 divisor of 96 and a?
12
Let n = 128 + -3. Let p(o) = o**2 + o + 5. Let x be p(4). Calculate the greatest common factor of n and x.
25
Let h(u) = -u**3 + 17*u**2 - 12*u - 30. Let y be h(16). Suppose 5*c = 144 - y. Suppose -880 = 2*l - 7*l. What is the highest common divisor of c and l?
22
Let b(s) = -s**3 - 6*s**2 - 5*s + 3. Let p be b(-5). Suppose f + 0 - 1 = 0. Let q be 2 + (31 - 1) + f. What is the highest common divisor of q and p?
3
Let t = -11 - -11. Let n(s) = s**2 - 2*s + 13. Let a be n(t). Calculate the greatest common divisor of a and 13.
13
Suppose 0 = 4*p - 4*y - 6 - 2, y = -4*p + 23. Suppose -3*d - 20 = -p. Let f be 27*(d/3 + 2). What is the greatest common factor of f and 45?
9
Let p(o) = -o**2 + o + 5. Let z be p(0). Let k(q) = 3*q - 4. Let l be k(z). Let h be ((-7)/(-2) + -4)*-22. Calculate the highest common divisor of h and l.
11
Suppose -2*p + 0*p = -280. Calculate the highest common divisor of p and 14.
14
Let o = -62 + 68. Let r(i) = -8*i + 2. Let h be r(-5). What is the greatest common factor of o and h?
6
Let g = -1 - -6. Suppose -95 = -3*v + 3*n - 5, 40 = 2*v + 2*n. Calculate the highest common divisor of g and v.
5
Let o = -71 - -88. What is the greatest common divisor of 136 and o?
17
Let z = -10 - -9. Let t be 1*(-4)/z*8. What is the highest common factor of 4 and t?
4
Suppose 5*x - 5*f - 335 = 0, 2*f = -x + 69 - 8. Let m = 33 + -20. What is the highest common divisor of x and m?
13
Suppose n + 2*n - 172 = -4*z, -2*n + 48 = z. Suppose -8*v + 4*v + 20 = 0. Calculate the highest common divisor of v and z.
5
Suppose -5*q + 0*q = 0. Let m = -1 + q. Let l be 0 + m/((-1)/15). Calculate the greatest common factor of 15 and l.
15
Suppose -5*i + 2*x - 7*x + 15 = 0, 4*x = 2*i - 36. What is the highest common divisor of 1 and i?
1
Let s(p) = -1 - 1 - 8*p - p. Suppose -3*i + 2*v = 15, 4*v - 3 = 4*i + 21. Let h be s(i). What is the highest common divisor of 5 and h?
5
Let n(a) = -3*a**2 - 2*a + 5. Let j be n(3). Let p be 63/(-2)*(-4)/(-3). Let y = j - p. What is the greatest common divisor of y and 126?
14
Suppose 3*u + 224 = 7*u. Suppose 2*n - 53 = -2*n + 3*o, n - 11 = 3*o. What is the greatest common factor of n and u?
14
Suppose -4*d + 21 = 5. Let b = -3 - -15. What is the highest common divisor of b and d?
4
Let x be (-46)/(-14) + (-6)/21. Suppose -19 = -q + z, -x*q + 60 = -5*z + z. Let p = 15 - 11. What is the greatest common divisor of q and p?
4
Suppose -709 = -4*a - 5*z, -a = z - 4*z - 173. What is the greatest common divisor of 22 and a?
22
Let w be (-4)/22 + 312/22. What is the greatest common factor of w and 98?
14
Let a be -3*(3 - (4 - (-8)/(-12))). Calculate the highest common factor of a and 32.
1
Let t(n) = n**2 + n - 2. Let m be t(-6). Let v = m + -17. Calculate the highest common factor of 11 and v.
11
Let k(g) = -g**2 + 4*g + 175. Let a be k(0). Calculate the highest common factor of a and 25.
25
Let p be -2*4/(8/(-15)). Let j = p + 50. Suppose 7*c = 2*c + j. What is the highest common factor of c and 52?
13
Suppose -12*v + 7*v + 55 = 0. What is the greatest common factor of 77 and v?
11
Let k(h) = -h**3 + 5*h**2 + 4*h + 3. Let v be k(6). Let p = v + 17. Calculate the greatest common divisor of p and 88.
8
Let u = 20 + -2. Let o = u - 10. Let z(h) = -4*h + 8. Let b be z(-6). What is the highest common divisor of b and o?
8
Suppose -4*b + 14*b - 10 = 0. Calculate the highest common factor of b and 32.
1
Let y(b) = -b**3 + 5*b**2 + 5*b - 9. Let u be y(4). Calculate the greatest common factor of u and 72.
9
Suppose 4*j - 3*c - 138 = 0, 5*j = -6*c + c + 190. Calculate the highest common factor of j and 12.
12
Suppose 0 = 15*m - 10*m - 320. Calculate the greatest common divisor of m and 16.
16
Let g be (2 - (-48)/(-10))*-5. Suppose t - q - 167 = 0, 3*q + 2*q = -3*t + 525. Suppose 730 = 5*z + t. Calculate the greatest common divisor of g and z.
14
Let d = -3 - -10. Suppose -a - 3*p = -33, -d*a - 5*p + 185 = -2*a. Calculate the highest common divisor of a and 26.
13
Suppose 0*j = -5*j + 175. What is the greatest common factor of 7 and j?
7
Suppose 0*y + q - 1 = -y, y - 2*q - 1 = 0. Suppose 5 = u + y. Let n be (-54)/u*2/(-3). Calculate the greatest common factor of n and 1.
1
Let t = 140 - 76. Let h(c) be the first derivative of -c**2 + 2*c - 1. Let m be h(-7). What is the greatest common divisor of t and m?
16
Suppose 0 = -3*w - 0*w - 2*c + 10, 3*w - 4*c = 16. Suppose 123 = w*d + 3. Suppose -6*a = -a - d. Calculate the greatest common factor of a and 12.
6
Suppose 0 = 69*l - 71*l + 8. Calculate the greatest common factor of 2 and l.
2
Let r be (-1 + 2 + -1)/(-1). Let i be 18 - (-2 + r/3). Let s = 8 + i. What is the highest common factor of 4 and s?
4
Suppose -1 = -j + 3. Suppose -5*g = -6 - j. What is the greatest common divisor of 5 and g?
1
Let k(f) = f - 10. Let m be k(4). Let o = m - -17. Suppose 3*c - 272 = -8. What is the highest common divisor of c and o?
11
Suppose 4*w - 5*w = -105. What is the highest common divisor of 70 and w?
35
Let b = 115 + -35. Calculate the highest common factor of 10 and b.
10
Suppose 0 = 4*l - 8 - 12. Suppose -5*d + 11 - 1 = 3*r, -r - 4*d + 1 = 0. What is the greatest common factor of r and l?
5
Suppose -4*p - 70 = -9*p. Suppose y - 5*s + 198 = 0, -3*y - y - 768 = 4*s. Let l = y - -305. Calculate the highest common divisor of p and l.
14
Let g(x) = 4*x + 3. Let s be g(3). What is the greatest common factor of s and 15?
15
Let p be (-2325)/(-20) + (-4)/16. Calculate the greatest common divisor of 29 and p.
29
Let z be 9/(-36) - 954/(-8). Calculate the greatest common divisor of z and 7.
7
Suppose -144 - 84 = -4*p + 4*w, -4*p + 221 = 3*w. Let i(c) = -c + 12. Let t be i(4). Calculate the highest common factor of t and p.
8
Let p be 21/(-2) - 33/(-22). Let d = p - -9. Suppose a - 13 + 1 = d. Calculate the highest common divisor of 30 and a.
6
Suppose 0 = 3*i - f - 49, -5*i + 3*f = 6*f - 63. Calculate the highest common divisor of i and 15.
15
Let w(u) = 6*u - 1. Let k be w(1). Suppose 5*c - 2*p = 25, -4*p + k = -c + 10. Let l be ((-72)/(-15))/4*c. What is the greatest common factor of l and 6?
6
Suppose 0 = -3*o + o - 2. Let g be 0*(o + 2) + 63. Suppose 0 = 5*f - 25, 35 + 5 = 5*z - f. Calculate the greatest common divisor of g and z.
9
Let n be 4 + 5/((-15)/(-651)). Calculate the greatest common divisor of n and 17.
17
Suppose -b + 3*b = 0. Suppose -20 = -5*y + 2*m, b = -y + 4*y - 2*m - 12. Let j be 1 - 0 - (y - 5). What is the highest common divisor of j and 4?
2
Let z be (0 - 1)*(-5)/1. Let w = z - 5. Let a(t) = -t + 18. Let h be a(w). What is the greatest common factor of 54 and h?
18
Suppose 4*l = 68 + 32. What is the highest common divisor of l and 10?
5
Let y = 10 + -8. Suppose -5*t - 2*q + 3*q = -166, -2*q = -y*t + 68. Calculate the greatest common divisor of 11 and t.
11
Let b be 44 - 9 - 1*-4. Let o = 81 - 26. Let u = o - b. What is the highest common factor of 8 and u?
8
Let x be ((-91)/(-14))/(3/30). Calculate the greatest common divisor of x and 5.
5
Let f = -5 + 8. Suppose -v = f*v - 100. Let p be (-30)/v*30/(-4). Calculate the greatest common divisor of 3 and p.
3
Let c be 7/(-4)*(-4)/(-1). Let g(f) = 4*f - 3 - 3*f + 7 + f**2 + 4*f. Let r be g(c). Calculate the highest common factor of 12 and r.
6
Suppose 79*z = 84*z - 20. Calculate the greatest common divisor of 128 and z.
4
Let j be (-2)/(-4) + (-444)/(-8). Calculate the greatest common factor of 8 and j.
8
Suppose 5*d + 5*p - 70 = 0, -5*p = 2*d + 2*d - 58. Suppose -2*r + 48 = 2*r. Calculate the greatest common factor of r and d.
12
Let g = -24 - -25. Calculate the highest common divisor of 3 and g.
1
Let l(h) be the first derivative of 3*h**2/2 + 3*h + 6. Let m be l(3). Calculate the greatest common divisor of 6 and m.
6
Let a(u) = -12*u - 4. Let g be a(-3). What is the greatest common factor of g and 4?
4
Suppose 0*j = -4*j + 28. Suppose 2*q - j = 3. Suppose -q*l + 5 = -4*l. Calculate the highest common factor of 55 and l.
5
Suppose 4*k = 5*g + 23, -2*k = -0*g + 4*g + 8. Let r = -2 + 5. Let o be ((-75)/k)/(r/(-6)). Calculate the highest common factor of 15 and o.
15
Suppose 0 = -n - 2*n. Let r = n - -16. Let q(i) = 17*i**3 - 2*i**2 + 2*i - 1. Let f be q(1). What is the highest common divisor of r and f?
16
Let d(t) 